ite?
False
Let t(p) = 17*p**2 - 1. Suppose 0*w - 3*w - 6 = 0. Is t(w) a composite number?
False
Is ((-2)/4)/((-2)/44) prime?
True
Let q(n) = 2*n**2 - 15*n - 11. Is q(12) prime?
True
Suppose 6 = -3*z + w, -11 = 4*z - 2*w - 1. Let y be z/(-2) + 1/2. Is y - -371 - (1 - 2) composite?
False
Suppose -3*o - t - 5 = -0*o, 5*o - 3*t - 15 = 0. Let b be o/(1 - (4 + -1)). Is (b - -1)/((-2)/(-354)) composite?
True
Suppose -3*k + 1356 = 3*q, -6*q + 5*k + 1790 = -2*q. Suppose 0 = -5*d - 70 - q. Let f = -7 - d. Is f a composite number?
False
Suppose -461 = -w + 5*l + 397, -3411 = -4*w - l. Is w a composite number?
False
Suppose -3 = g - 13. Suppose -f = f - 3*u + g, 2*f = -5*u + 22. Let q = 38 - f. Is q composite?
False
Suppose 5*v + 5*t + 505 = 0, 2 + 1 = -t. Is (-6)/(-2) - (v + -5) prime?
False
Let k be 1 - (2/(-2) - 4). Suppose 0 = -h - 2*h + k. Suppose -4*s - 2*i + 156 = 0, s - 2*i = h*s - 45. Is s a prime number?
True
Let m = 932 - 595. Is m a composite number?
False
Let z = 2 - -1. Suppose -i + 27 + 0 = 4*c, -5*i = z*c - 33. Is c composite?
True
Let l(m) = 104*m**2 + 9*m - 15. Is l(2) composite?
False
Let w(q) = -2*q - 1 + 3 - 1 + 38*q**2 + 0. Is w(-2) a prime number?
True
Let i be 7568/28 + (-2)/7. Let y = i - 181. Is y a composite number?
False
Suppose 0 = -6*c + c + 4435. Is c prime?
True
Suppose 3*l + l = 104. Suppose s = -4*s. Let c = l + s. Is c composite?
True
Let o be (-4148)/(-36) + 4/(-18). Suppose 0 = -4*r + 5*r - o. Is r prime?
False
Let x = -9 + 12. Suppose -3*k = -4*k - c + 4, 0 = -3*k - c + 12. Suppose 2*t - 26 = t - k*m, x*t = m + 78. Is t a prime number?
False
Suppose -101 - 9 = -2*b. Suppose -40 = -3*w + 2*k, 4*w - 2*k - k = b. Is w a composite number?
True
Let z(c) = -c**2 + 8*c - 7. Let w be z(6). Suppose 2*y = -4*d + 1770, w*d + 625 - 5030 = -5*y. Is y a prime number?
True
Let o = -4 - -4. Suppose o*f = 2*f - 32. Suppose t - f = 127. Is t composite?
True
Let h(c) = 8*c - 8. Let r be h(6). Let v = 30 + -13. Let t = r - v. Is t a prime number?
True
Let q(x) be the first derivative of -5*x**2/2 + 2*x + 2. Let n be q(7). Let a = n + 80. Is a prime?
True
Let r = 13046 - 7839. Is r composite?
True
Let u(z) = -z**3 - z**2 + 2*z - 3. Let j be u(-6). Suppose -j = -7*n + 2*n. Is 6/n - (-2385)/11 a composite number?
True
Is 4 + 2*234 + (2 - 3) composite?
True
Suppose -5*q + 5*i + 8222 = -q, -5*q = -i - 10267. Is q prime?
True
Let l = 2 + -3. Let z = 3 - l. Suppose 4*s - 26 - 178 = -z*g, 4*s = 3*g - 139. Is g a prime number?
False
Let y(t) = 825*t + 46. Is y(13) prime?
True
Let w(r) = -r + 2. Let c be w(4). Is 254/(-4)*1*c a prime number?
True
Let j(x) = 7*x**2 + 13*x - 4. Let t be j(-9). Suppose -t = -5*f - 121. Is f prime?
False
Suppose s = 4*s - 147. Suppose 9 = w - 3*o, -3*w - 2*o = -0*o - s. Is w a composite number?
True
Let f(s) = -s**2 + 8*s - 6. Let i be f(8). Let j = i - -487. Is j a prime number?
False
Suppose 622 = a - 3*a - 2*o, 4*a + 5*o = -1248. Let u = 461 + a. Suppose 59 = -5*r + u. Is r a prime number?
True
Let a be 6*1*(-1)/(-3). Suppose -a*o = -5*s + 3*o + 20, -5*o + 10 = 0. Is s composite?
True
Let o be (11 - 1)*90/(-12). Let l = o - -113. Let b = 61 - l. Is b a composite number?
False
Let m(p) = 84*p + 3. Let j be m(-5). Let v = 584 + j. Is v composite?
False
Suppose -5*g - 3*a = -13, 0 = -g + 4*g - 2*a - 4. Suppose 2*j + 2*j = 8. Suppose -g*o - 2*o + 2*l = -136, 68 = 2*o - j*l. Is o prime?
False
Suppose -15 + 3 = -4*b. Suppose b*p + 11 = -7. Is (-294)/(-4)*p/(-9) a composite number?
True
Let p(z) = 2*z**2 + 8*z + 11. Is p(-16) a composite number?
True
Let f(r) = r**2 + 5. Let s be f(0). Suppose -s*b = 2*a - 383 - 63, 4*a = 3*b + 892. Is a prime?
True
Let x be 2/(-7) + (-2200)/(-7). Suppose -2*w = -4*c + 312, -3*c + w + x = c. Is c composite?
False
Suppose -5 = 3*t - 4*t. Suppose 0*q - t*v = -q + 4, -v = 0. Suppose -16 = 4*c, q*w - 140 = -0*c - 2*c. Is w prime?
True
Let g = 70 - 49. Suppose 4*z - g = 7. Is z composite?
False
Let l = 14925 - 10424. Is l prime?
False
Suppose -4*n - 166 + 538 = 4*v, -4*n = -4*v + 404. Is v a prime number?
True
Let j = 29 + 33. Is 5*1*j/2 a prime number?
False
Let m = 1400 - 767. Is m composite?
True
Let z(a) = -63*a - 1. Let u(v) = v + 2. Suppose 4*t + 15 = -t. Let w be u(t). Is z(w) prime?
False
Suppose -b + 5*y + 317 = 0, -250 = -b - 3*y + 67. Is b composite?
False
Suppose -11 = -4*v + 5. Suppose v*k - 3*r = 5 + 15, k + 2*r = 5. Suppose -4*t - l + 246 = -21, k*t = 3*l + 338. Is t prime?
True
Let i = 15 - 22. Suppose 0 = 5*u - 73 - 67. Let d = i + u. Is d a composite number?
True
Suppose -5*r + 3536 = 4*u, -6*r = -2*r - 16. Is u prime?
False
Let t(r) = 24*r**3 + r**2 - r. Let i be t(1). Suppose 4*s - 8*s = -i. Is 16/10 - s/(-15) composite?
False
Let z be 8*(-3)/(-6) + -2. Suppose 2*h + 2*h - z*b - 62 = 0, 3*h = 3*b + 39. Suppose -h = -2*a + 4. Is a composite?
False
Let w be 31/(-5) - 2/(-10). Let d(i) = -i**3 - 6*i**2 - 8*i - 2. Is d(w) prime?
False
Is (1 - -93)/(18/27) prime?
False
Is 0 + 1 - 1250/((-5)/1) prime?
True
Suppose 0*d - 26 = 4*d + 2*a, 3 = -d - 4*a. Let x(z) be the second derivative of -4*z**3 - 5*z**2/2 - 22*z. Is x(d) a prime number?
True
Suppose 5*y + 906 = 3*i, 5*i + 5*y + 0*y - 1550 = 0. Is i prime?
True
Let x = 83 + 122. Is x a prime number?
False
Let h be ((-24)/14)/(1/7). Let u = 35 + h. Is u a prime number?
True
Suppose 4*i = 2*i + 44. Suppose 5*s + i = k, 3*k - 4*s = 2*k + 19. Is k composite?
False
Let d(r) = 2*r - 6. Let s be d(6). Let q = 10 - s. Let z(t) = t**2 + 3. Is z(q) composite?
False
Let w = -1 + 15. Is w prime?
False
Let k be 3 - (-60 + 2 + -2). Suppose 0 = j + 2*j - k. Is j a composite number?
True
Let u(d) be the third derivative of d**5/30 + 5*d**4/24 - 5*d**3/6 - d**2. Let z be u(-5). Let b = z - -13. Is b a composite number?
True
Suppose l = -d + 5*l + 202, 3*l = -d + 188. Is d a prime number?
False
Let l(y) = 28*y - 4. Let n be l(6). Let c = -105 + n. Is c a composite number?
False
Suppose -5*g + 20 = 0, 0 = -4*a + g + 859 - 4807. Is 4/8 + a/(-4) a prime number?
False
Suppose -2516 = -3*y - 629. Is y prime?
False
Let y be 1502/10 - 3/15. Let l = y - 242. Let a = l + 147. Is a composite?
True
Let n = -4 - -7. Suppose -z = n*z - 852. Is z composite?
True
Let j(y) = -y - 5. Let f be j(-4). Let n = 4 + f. Suppose 2*d + n*d = 635. Is d composite?
False
Let q be (68 + 0)*(4 - 3). Suppose -r - q = -3*r. Is r composite?
True
Suppose -109 = -3*v - 2*t + t, 2*t = 2*v - 62. Suppose -3*a + 8*a = 50. Suppose 3*g - 2*o = 21, -5*g - 3*o - v = -a*g. Is g a composite number?
False
Suppose 6*t - t = -5*m + 10, -2*m + 16 = 5*t. Suppose 0 = 4*h - 3*l - 491, h - t*l - 124 = -3*l. Is h composite?
True
Let t(c) be the second derivative of -c**5/20 - 2*c**4/3 - 2*c**3/3 + 5*c**2 - 2*c. Is t(-9) prime?
True
Suppose 2*i - 1041 = -3*r + 222, -1269 = -3*r - 4*i. Is r a composite number?
False
Suppose -3*c = 2*i - 55, 4 = 5*i - 6*i. Suppose b = -5*z - 1, -2*z + 3*z + c = 5*b. Suppose 3*u - 19 = -b*s + 19, 3*u - 34 = -2*s. Is u a composite number?
True
Let o = -5 + 6. Suppose -5*m - 18 = -y, 2*m + 3 = o. Is y prime?
True
Suppose 6*g - 3*g = 0. Suppose g = -o - 0*o + 6. Suppose -o*b = -5*i - 2*b + 377, -i + 67 = -5*b. Is i prime?
False
Let l(m) = 3*m**2 + m. Let f be l(-1). Let o(c) = -c**3 - 2*c + 3. Let j be o(f). Let x = j - -18. Is x prime?
False
Suppose -5*q + 4*o - 232 = -1117, 0 = -5*q - o + 885. Suppose 2*a + 2*r - 76 = 0, -4*a + q = -0*r - r. Is a composite?
False
Suppose -5*p = -0*p - 5. Let i be p/2*(-6)/(-1). Suppose -i*r - 243 = -3*g, -3*r = g - 7*r - 87. Is g a composite number?
False
Let w(s) = 144*s**2 - s - 2. Suppose 3*c + 2*l = 11, 2*c + 2*l = 5 + 3. Let t be w(c). Suppose -2*f - 3*f + 1277 = 4*r, -5*f + 3*r = -t. Is f composite?
False
Let a = -228 + 445. Is a prime?
False
Let i = 63 - 26. Is i a composite number?
False
Let k(v) = 37*v**2 + v - 1. Let n = 0 - -2. Let t = -1 + n. Is k(t) a prime number?
True
Suppose -3*d + 2*d + 5 = 0. Is (4 - d)/((-3)/885) prime?
False
Is (-1)/(-6) + 2365/30 a composite number?
False
Let h(m) = 2*m + 1. Let z be h(3). Let o(j) = -16*j**2 - 6*j + 8. Let b(s) = 15*s**2 + 5*s - 7. Let i(w) = z*b(w) + 6*o(w). Is i(2) prime?
False
Let f = -5 - -11. Suppose -4*v = -f*v + 6. Suppose 0 = j + v*j - 460. Is j prime?
False
Let n = 143 - 